factors of p(c).
47
Let b(i) = -i**2 + 6 + 16 + 0 - 38*i. What are the prime factors of b(-15)?
367
Let l(n) = 9446*n**2 - 8*n. List the prime factors of l(-1).
2, 29, 163
Let f be 4/(-30) + (-480)/(-225). Suppose -2228 = -4*d + f*r, d + 5*r - 611 + 43 = 0. List the prime factors of d.
2, 3, 31
Let o(y) = 2147*y - 4486. List the prime factors of o(29).
3, 19259
Suppose -7*n - 9 = -37. Suppose 0 = -4*p - n*j + 716, 5*p - 2*j - 698 = p. List the prime factors of p.
2, 11
Suppose -6*s - 2212 = -93106. List the prime factors of s.
15149
Suppose o - 13 = -4*x, 2*o - 14 = -6*x + 4*x. Suppose -104 = -o*s + 2726. Suppose 12*y = -s + 2366. What are the prime factors of y?
2, 3, 5
Let f = 494 + -1282. List the prime factors of (f/3)/((-7)/(63/6)).
2, 197
Suppose 15 = -21*u + 24*u. Suppose 2*c - w - 9 = 0, u*c + w - 26 = -0*w. Suppose 0*b - b - 5*n + 51 = 0, 2*n - 370 = -c*b. List the prime factors of b.
2, 19
Suppose 0 = -3*b - 5*j + 55, 3*b - 2*j - 25 = 58. Suppose 28*z - 33*z + 4*a = -725, 0 = -5*a + b. List the prime factors of z.
149
What are the prime factors of ((-5812)/24)/((92/(-264))/23)?
11, 1453
Let y = 11312 + -7231. List the prime factors of y.
7, 11, 53
Let p = -278 + 308. Suppose -28*y - 3*o = -p*y + 199, o + 281 = 3*y. What are the prime factors of y?
2, 23
Let c(q) = -q**2 + 2. Let g be c(0). Let y(h) = -96*h**2 + 0 + 2*h - 79*h**2 + 200*h**2 + 1. List the prime factors of y(g).
3, 5, 7
Let b(z) = -49*z**3 - 7*z**2 + 22*z**3 + 7*z + 28*z**3 + 1. Let s be (-1 - -7) + 4 + -4. List the prime factors of b(s).
7
Let r be 195*(5 + 1 - (-39)/(-13)). Suppose -7*w + r = -353. List the prime factors of w.
2, 67
Suppose -33*q = -35*q + 8. Let f be q - (4 - (-16)/(-4)). Let o(i) = 4*i**3 - 12*i**2 + 10*i - 4. List the prime factors of o(f).
2, 5
Let y(b) = -b**3 - 10*b**2 + 11*b - 20. Let c be 6/8*-1*8. Let a be -9*(8/c)/(-3 - -2). List the prime factors of y(a).
2, 17
Suppose -w = k - 9, -15 = -3*w - 2*k + 9. Let m(x) = 16*x**2 - 9*x + 16. List the prime factors of m(w).
2, 269
Let p = -198 + 209. Suppose p*c - 15*c + 2370 = -2*b, 0 = 4*b + 20. List the prime factors of c.
2, 5, 59
Let h be (-8)/((-16)/2517)*(-4)/(-6). Suppose -4*l = 4*b - 1172, 4*l - l - h = 5*b. What are the prime factors of l?
2, 3
Let m = 11940 + -3418. List the prime factors of m.
2, 4261
Suppose -2*j + 2*h + 4 = -h, 0 = -2*h. Let s be ((3 - j) + -3)/(-1) - -22. List the prime factors of (16 - s)*19/(-2).
2, 19
Let r(w) = -17*w - 2. Let b be r(-1). Let l(k) = k**3 - 11*k**2 - 15*k - 22. Let n be l(b). Suppose 123 = -5*m + n. List the prime factors of m.
2, 53
Let s = 9687 - 2920. List the prime factors of s.
67, 101
Let d(n) be the first derivative of n**2/2 + 10*n + 14. Let j be d(-6). Suppose 0 = g + x - 70, -3*g - j*x - 305 = -8*g. What are the prime factors of g?
5, 13
Let f(k) = k**3 - 7*k**2 - 17*k - 5. Let s be f(9). Suppose 0 = -s*m - 2*j + 1334, 4*m - 139 = 5*j + 1174. What are the prime factors of m?
2, 83
Suppose -2*i - 36 + 9 = 3*o, 0 = 5*i - 3*o + 15. Let a be (1 - (-5)/(10/i)) + 65. Suppose a = -68*b + 69*b. List the prime factors of b.
3, 7
Suppose -16 = -2*q - 18, 5*g + q - 4169 = 0. Suppose -f = -l - g, 4*f - 4307 + 981 = -l. List the prime factors of f.
2, 13
Let d(w) = 8*w**2 - 326*w - 21. What are the prime factors of d(-12)?
3, 41
Let b be (-2 - -6)/(12/9). Let y(x) be the first derivative of 3*x**3 + 5*x**2/2 - 4*x - 2. What are the prime factors of y(b)?
2, 23
Let t(d) = -9 + 3 + 8*d + 19 + 11 + 10*d**2. List the prime factors of t(-7).
2, 229
Suppose 3*c - p = -5*p + 80, -p = -5*c + 141. Let o = -26 + c. Suppose -o*u = u - 153. What are the prime factors of u?
3, 17
Suppose -108 = 2*f - 14*f. List the prime factors of (-1 + 0)*-299*(f + -8).
13, 23
Suppose -2*f = 3*q - 95502, -2*f + 54794 + 40756 = -5*q. List the prime factors of f.
2, 3, 5, 199
Suppose -4*n = -5*v - 22319, -3*n - 2*v = -225 - 16543. List the prime factors of n.
2, 3, 7, 19
Let b(f) be the third derivative of -f**6/120 + 7*f**5/60 - 5*f**4/12 + f**3/3 + 34*f**2 - 3. What are the prime factors of b(3)?
2
Let j(v) = -3*v**2 + v. Let a be j(2). Let w(s) = 5*s**2 + 30*s - 7. Let n be w(a). Suppose -5*x - 5 = 0, 3*l + 11*x = 6*x + n. What are the prime factors of l?
2, 3, 11
Let r = 124 - 68. Let y be r/((-21)/(-3)) - (-4)/(-1). Suppose y*t - 2*t + 4*p = 358, 5*t - 4*p = 825. What are the prime factors of t?
13
Suppose -4*g = -0*g - 3*z + 2, 2*z + 1 = 5*g. Suppose -o + f + 0 = g, -4*o + 8 = 2*f. Suppose 0*j + 5*j + 2*k = 30, -2*j = 3*k - o. List the prime factors of j.
2
Let i(j) = -j + 18. Let u be i(-14). Let l be (0 + (-4)/6)*(u + -41). Suppose 177 = l*s - 507. What are the prime factors of s?
2, 3, 19
Let d = 223 + -218. Suppose d*n = -0*q - 4*q + 513, 0 = n - 5*q - 91. List the prime factors of n.
101
Let b(u) = u**3 + u + 41646. Let a be b(0). What are the prime factors of -1*(3 - 0) - a/(-33)?
1259
Let x(r) = 10*r**2 - 8*r - 3. Let p be (-294)/(-12)*(-20)/(-70). List the prime factors of x(p).
431
Let j be (-176)/(-14) - (224/(-49))/(-8). List the prime factors of ((-1290)/(-8))/(j/32).
2, 5, 43
Suppose -317*p + 320*p - 4*i - 59937 = 0, -79885 = -4*p - 5*i. What are the prime factors of p?
5, 17, 47
Let z be -3 + 4/2*-1. Let y(f) = -f**2 - 3*f + 5. Let c be y(z). List the prime factors of (-10)/(2 + c + 1).
5
Suppose 0 = 2*j + 6, -p + 9*j + 1 = 5*j. Let c(l) = -l**3 - 13*l**2 - 25*l - 20. Let b be c(p). Suppose 449 = b*g - 357. List the prime factors of g.
2, 31
Suppose 5*g + b - 3*b = 792, 3*g = -3*b + 492. Suppose -5*j = 25, 0*p + 4*j = 2*p + g. Let m = p + 221. List the prime factors of m.
131
Let a = -66 + 68. Suppose -3*b = 2*n - 8*b - 701, 4*n = a*b + 1362. List the prime factors of n.
2, 13
Let p be (-6)/(-4)*(27 + -3). Let b = p - -75. What are the prime factors of b?
3, 37
Let t = -2749 - -4058. List the prime factors of t.
7, 11, 17
Let w(c) = -2*c**3 + 51*c**2 + 87*c - 112. List the prime factors of w(-25).
2, 19, 1601
Let h = 167 - -49. Suppose h = 10*f - 194. What are the prime factors of f?
41
Let p(d) be the third derivative of d**4/12 + 20*d**3/3 - 9*d**2. Let q be p(-8). What are the prime factors of 210/9*q/10?
2, 7
What are the prime factors of -557*((90/(-72) - 84/(-16)) + -111)?
107, 557
What are the prime factors of (-20)/(-420) - 2176521/(-63)?
2, 3, 2879
Let k = -42 - -47. Let g be 1 + k/(-3) + 16/6. Suppose -4*a - 2*w = 43 - 521, 0 = g*a - 2*w - 242. What are the prime factors of a?
2, 3, 5
Suppose 3*h = y - 38, -h + 0*y = -4*y + 31. Let s(t) = t**3 + 12*t**2 + 10*t + 11. Let w be s(h). List the prime factors of ((-10)/25 + 37/5)*w.
2, 7, 11
Let u be (54/(0 - 6))/((-12)/128). Let r = 15 + u. List the prime factors of r.
3, 37
Let d be (-31)/(-5 + 2 + (-41)/(-14)). Let m = -226 + d. What are the prime factors of m?
2, 13
Suppose -4*q = 18*g - 16*g - 9784, 3*q - 3*g - 7320 = 0. Suppose 14*j + q = 16*j - 2*c, 4*c = j - 1207. What are the prime factors of j?
3, 409
Let c = 4919 - 4091. List the prime factors of c.
2, 3, 23
Let y = 1119 - -1473. Let m = y + -1520. List the prime factors of m.
2, 67
Let o(c) = -232*c - 41. Let p be o(-6). Suppose -57*j + p = -50*j. List the prime factors of j.
193
Let x = 4838 - -1768. List the prime factors of x.
2, 3, 367
Let x(v) = 8*v + 52. Let u be x(-6). Suppose -446 = -u*s + 2*w, -4*w = 4*s - 760 + 284. What are the prime factors of s?
2, 3, 19
Suppose -5*h + 95301 = -0*h - 3*m, -5*h + 95309 = -2*m. List the prime factors of h.
3, 5, 31, 41
Suppose -4*k - 11 = 4*c - 5*k, -3*k = 3. Let w(t) = 6*t**2 + 6. Let p be w(c). Suppose z - 5*z + 2*f + 264 = 0, -f = z - p. What are the prime factors of z?
2
List the prime factors of (-16)/2 + (-175296)/(-22).
2, 5, 199
Suppose 16*i - 6*i - 22962 = 3548. What are the prime factors of i?
11, 241
Suppose 5*a + 3035 = -5*w + 9100, 0 = 4*w + 2*a - 4844. Let h = 1754 - w. List the prime factors of h.
5, 109
Let b be (-6998)/(-8) + (-3)/(-12). Suppose 88*l + 272 = 122*l. Suppose -l*q - b = -2651. List the prime factors of q.
2, 3, 37
Let p(b) = b**3 + 2*b**2 - 8*b + 74. Suppose -4*i = f + 8, -11*f - 3*i = -13*f + 28. List the prime factors of p(f).
2, 5, 13
Let x = -305 - -489. Let d = x - -613. List the prime factors of d.
797
Suppose -2*b + 8 = 2936. What are the prime factors of (-7*2